ors of 59196610.
2, 5, 11, 538151
What are the prime factors of 893594268?
2, 3, 7, 47, 83, 101
List the prime factors of 8476733.
31, 97, 2819
What are the prime factors of 1415948095?
5, 31, 9135149
What are the prime factors of 479114501?
89, 569, 9461
List the prime factors of 5115218.
2, 19, 227, 593
What are the prime factors of 2789988348?
2, 3, 7, 19, 1748113
What are the prime factors of 115062640?
2, 5, 7, 11, 18679
List the prime factors of 480555623.
480555623
What are the prime factors of 117855055?
5, 2719, 8669
What are the prime factors of 808044231?
3, 127, 2120851
List the prime factors of 67614716.
2, 13, 1300283
What are the prime factors of 2241831799?
149, 15045851
What are the prime factors of 7661609327?
23, 1531, 217579
What are the prime factors of 171029134?
2, 85514567
List the prime factors of 279260632.
2, 7, 17, 19, 15439
List the prime factors of 336629846.
2, 7, 24044989
List the prime factors of 3412890451.
3412890451
List the prime factors of 43081831.
13, 3313987
List the prime factors of 223449271.
31, 263, 27407
List the prime factors of 444928440.
2, 3, 5, 11, 29, 59, 197
List the prime factors of 160340138.
2, 7, 79, 144973
List the prime factors of 102304867.
7, 31, 471451
List the prime factors of 189223549.
17, 853, 13049
List the prime factors of 34375632.
2, 3, 17, 103, 409
List the prime factors of 8597139647.
7369, 1166663
What are the prime factors of 270636406?
2, 2153, 62851
What are the prime factors of 942068212?
2, 73, 239, 13499
List the prime factors of 1312546233.
3, 43, 887, 11471
List the prime factors of 87917688.
2, 3, 1221079
What are the prime factors of 39193810?
2, 5, 3919381
List the prime factors of 564979967.
43, 13139069
What are the prime factors of 1195161298?
2, 1429, 418181
List the prime factors of 43001770.
2, 5, 7, 37, 16603
List the prime factors of 2171908543.
7, 43, 7215643
List the prime factors of 80154002.
2, 3457, 11593
List the prime factors of 187077572.
2, 11, 19, 109, 2053
List the prime factors of 13465896.
2, 3, 561079
What are the prime factors of 150554123?
4409, 34147
What are the prime factors of 2080291098?
2, 3, 8467, 40949
What are the prime factors of 2280198824?
2, 285024853
List the prime factors of 104068119.
3, 373, 93001
List the prime factors of 143505957.
3, 7, 976231
What are the prime factors of 240236447?
11, 21839677
What are the prime factors of 188788336?
2, 11, 449, 2389
List the prime factors of 140207179.
7, 71, 191, 211
List the prime factors of 1048982180.
2, 5, 4001, 13109
List the prime factors of 2816064447.
3, 7, 163, 211, 557
What are the prime factors of 5196130480?
2, 5, 64951631
What are the prime factors of 150535589?
241, 709, 881
What are the prime factors of 4007072?
2, 125221
List the prime factors of 2634984915.
3, 5, 8819, 19919
What are the prime factors of 2526939?
3, 280771
List the prime factors of 1040728950.
2, 3, 5, 17, 136043
What are the prime factors of 1130433858?
2, 3, 103, 127, 4801
List the prime factors of 8170028.
2, 743, 2749
What are the prime factors of 14408248?
2, 17, 105943
What are the prime factors of 159986558?
2, 17, 1109, 4243
What are the prime factors of 5472284?
2, 1368071
What are the prime factors of 53576344?
2, 6697043
List the prime factors of 894247199.
23, 1153, 33721
List the prime factors of 3539295615.
3, 5, 235953041
What are the prime factors of 64599020?
2, 5, 3229951
What are the prime factors of 4360761?
3, 499, 971
What are the prime factors of 1699861805?
5, 23, 14781407
List the prime factors of 1719154056.
2, 3, 1109, 64591
What are the prime factors of 1723480485?
3, 5, 17, 6758747
What are the prime factors of 62234839?
2543, 24473
What are the prime factors of 3307972299?
3, 1102657433
What are the prime factors of 1887373670?
2, 5, 7, 13, 127, 2333
List the prime factors of 172711737.
3, 11, 581521
List the prime factors of 1731235411.
1731235411
What are the prime factors of 40069534?
2, 467, 42901
List the prime factors of 2639402987.
13, 203030999
List the prime factors of 8266401459.
3, 19, 101, 311
List the prime factors of 109449536.
2, 7, 17, 2053
What are the prime factors of 2829951748?
2, 13, 53, 1026833
What are the prime factors of 316394890?
2, 5, 7, 1429, 3163
What are the prime factors of 39672890?
2, 5, 3967289
What are the prime factors of 119235659?
19, 179, 35059
List the prime factors of 51163797.
3, 59, 79, 3659
List the prime factors of 205823049.
3, 967, 70949
What are the prime factors of 44984054?
2, 193, 116539
List the prime factors of 415595754.
2, 3, 7, 191, 2467
List the prime factors of 62269255.
5, 12453851
What are the prime factors of 433419891?
3, 144473297
What are the prime factors of 135061119?
3, 53, 103, 2749
List the prime factors of 52114968.
2, 3, 31, 43, 181
List the prime factors of 1444984.
2, 180623
List the prime factors of 8034721.
103, 78007
What are the prime factors of 2722496996?
2, 47, 14481367
What are the prime factors of 721487194?
2, 360743597
What are the prime factors of 78927957?
3, 17, 19, 1429
List the prime factors of 23985775.
5, 11, 87221
What are the prime factors of 186299439?
3, 3529, 17597
What are the prime factors of 26175212?
2, 7, 83, 1609
What are the prime factors of 32193794?
2, 16096897
What are the prime factors of 1737220956?
2, 3, 17, 47, 409, 443
List the prime factors of 2249503468.
2, 31, 73, 248509
List the prime factors of 453431825.
5, 7, 11, 109, 2161
What are the prime factors of 51715048?
2, 7, 11, 37, 2269
What are the prime factors of 35587880?
2, 5, 889697
What are the prime factors of 2464579061?
7, 73, 479, 10069
What are the prime factors of 418756561?
19, 23, 419, 2287
What are the prime factors of 221815473?
3, 11, 17, 23, 17191
List the prime factors of 764944909.
764944909
What are the prime factors of 677276383?
7, 89, 155303
List the prime factors of 76278090.
2, 3, 5, 7, 37, 9817
What are the prime factors of 456796874?
2, 228398437
What are the prime factors of 820465458?
2, 3, 17, 83, 199, 487
What are the prime factors of 263393406?
2, 3, 1657, 8831
List the prime factors of 492918534.
2, 3, 3042707
List the prime factors of 2721755463.
3, 7, 181, 716063
What are the prime factors of 1473335544?
2, 3, 19, 3230999
List the prime factors of 752204260.
2, 5, 37610213
What are the prime factors of 1690524318?
2, 3, 7, 29, 79, 17569
List the prime factors of 26151560.
2, 5, 653789
What are the prime factors of 7399159?
101, 73259
List the prime factors of 1355607335.
5, 359, 755213
What are the prime factors of 42542509?
31, 44269
List the prime factors of 98301084.
2, 3, 7, 1170251
List the prime factors of 3791496332.
2, 13, 17, 103, 41641
List the prime factors of 1058018623.
31, 2819, 12107
What are the prime factors of 8471743?
7, 167, 7247
What are the prime factors of 129279447?
3, 11, 877, 1489
What are the prime factors of 2295558134?
2, 11351, 101117
What are the prime factors of 4643215389?
3, 17, 30347813
List the prime factors of 6665805868.
2, 1666451467
What are the prime factors of 1597884334?
2, 1039, 768953
List the prime factors of 650089493.
650089493
What are the prime factors of 4121265604?
2, 19, 54227179
List the prime factors of 343470.
2, 3, 5, 107
List the prime factors of 2320568015.
5, 464113603
What are the prime factors of 3482391807?
3, 617, 627119
What are the prime factors of 163142623?
7, 23306089
What are the prime factors of 109170603?
3, 2707, 4481
What are the prime factors of 94563650?
2, 5, 1891273
List the prime factors of 76342720.
2, 5, 61, 3911
List the prime factors of 7332783.
3, 337, 7253
List the prime factors of 50604339.
3, 16868113
What are the prime factors of 532785446?
2, 181, 229, 6427
What are the prime factors of 2845157200?
2, 5, 1721, 4133
List the prime factors of 118140379.
7, 71, 237707
What are the prime factors of 41887606?
2, 20943803
List the prime factors of 28170289.
7, 31, 43, 3019
What are the prime factors of 46286219?
7, 241, 27437
List the prime factors of 98590795.
5, 1597, 12347
What are the prime factors of 847064669?
11, 19, 4052941
What are the prime factors of 110560051?
7, 313, 50461
What are the prime factors of 2524684166?
2, 19, 66439057
What are the prime factors of 407548228?
